2)/(y/81)?
8
Suppose 5*l + 3*c = 10*l + 35, 0 = l - c + 5. Let t(q) = 4*q**2 + 3*q + 21. What is the tens digit of t(l)?
9
Suppose -27803 = -4*w - 7*w + 23094. What is the units digit of w?
7
Suppose 0 = 2*p - 2*y + 3970, -13*p - 3*y = -15*p - 3969. Let l = 3100 + p. What is the units digit of l?
4
Let g(l) = -9*l + 6 - 8 - 7. Let d be (-16)/22 - 1 - (-729)/(-2673). What is the units digit of g(d)?
9
Let t(q) = 74*q**3 + 4*q**2 - 490*q + 3864. What is the units digit of t(8)?
8
Suppose -6*m = -2*m - 40. Let o be (-6)/m + (-249)/(-60)*4. What is the hundreds digit of 3240/o*(-2)/(-3)?
1
Let g be -3 + 4/(0 - (-6)/9). Suppose -14 = -w + g*w - 2*m, 4*w = m - 25. What is the tens digit of (w/6)/(-1*(-1)/(-37))?
3
Let g = 45 - 40. Let z = g + -4. What is the tens digit of z/(1 + 248/(-252))?
6
Suppose 0 = -4*i + d + 120, 279*i = 282*i + 3*d - 75. What is the units digit of i?
9
Let o(v) be the third derivative of -49*v**4/24 - 28*v**3/3 - 9*v**2. What is the tens digit of o(-3)?
9
Let u = -207 - -525. What is the tens digit of u + (1 + (4 - 7) - 1)?
1
Suppose z = 2*a + 2358, a - 9459 = -5*z + z. Suppose -3*f + z - 393 = 0. What is the tens digit of f?
5
Suppose -4 = -g + 2*z - 13, -3*g - 9 = 3*z. Let v(a) = a**2 + a + 4. Let h be v(g). What is the units digit of (-1)/(h/(-342)) - 1/4?
4
What is the thousands digit of ((-4)/14)/(110/(-1995070))?
5
Let l be 6/4 - ((-267)/2)/(-1). Let j be (l/9)/(4/12). What is the tens digit of ((-3)/(-6))/((-2)/j)?
1
Let s be 3/9 - 464/(-48). Let d(t) = 49*t - 98. What is the units digit of d(s)?
2
Suppose -3*s + 4*l = -142, -2*l = -3*s - 4*l + 118. Let v = -41 + s. Suppose 0 = q - 24 - v. What is the units digit of q?
5
What is the units digit of (0 - -1) + (-307303)/(-62)*(4 + 0)?
7
Suppose -12 = 3*w, -4460 = -d - 2*w + 4231. What is the units digit of d?
9
Let m(b) = -b**2 - 42*b + 179. Let d be m(-29). Suppose -a + 2*t = -d, -t = -4*a - 5*t + 2272. What is the hundreds digit of a?
5
Let g(m) = m**3 - 9*m**2 - 27 - 15*m**2 - 3*m - 34*m - 2*m**3 + 4*m. What is the hundreds digit of g(-23)?
2
What is the tens digit of 141644/68 - (-184)/(-8)?
6
Suppose 0 = 2*p + n + n - 20, -2*n = -p + 13. Suppose 5180 = -4*q + p*q. What is the hundreds digit of (q/10)/(4/10)?
1
Suppose -q + 3*r = -0*r - 734, 3*q + 3*r - 2154 = 0. Suppose 698 = 2*w - 5*l, -l = 2*w - 0*l - q. What is the hundreds digit of w?
3
What is the thousands digit of ((-93630)/(-24) + -12)/(1/4)?
5
Let w be 20/(-5) + (10 - 8). Let a(i) = 191*i**2 + 7*i + 6. What is the hundreds digit of a(w)?
7
Let k(z) = z**2 - 15*z - 38. Suppose -32*g + 27*g = 260. Let b = g - -73. What is the units digit of k(b)?
8
Suppose 0 = 3*n - b - 165052, -1164 + 1163 = b. What is the hundreds digit of n?
0
Let i = -245 - -63. Let q = -290 - i. Let g = q + 184. What is the units digit of g?
6
Suppose 0 = -5*x + 4*i - 1397, 2*i = 4*i + 4. Let y = x - -198. Let r = y + 217. What is the hundreds digit of r?
1
Suppose -1706 = -12*n + 66190. What is the tens digit of n?
5
Suppose 9*u - 3*u = -0*u. Suppose u = 5*g - 4*g - 43. What is the tens digit of g?
4
What is the tens digit of (1689/(-3))/(-13 - (-640)/50)*16?
4
Let j = 15 - -5. Suppose 13*q - j = 19. Suppose -4*z = q*z - 1946. What is the tens digit of z?
7
Let y(h) = 765*h - 2460. What is the units digit of y(5)?
5
Let k be (120/18)/(4/6). Let s be (2 - (4 + k)) + 0. Let p = 66 + s. What is the tens digit of p?
5
Suppose -4*j + 1646 = -5*w, -3*j = -j + 2*w - 814. Let f(l) = -2*l**2 - l + 7. Let a be f(-12). Let r = a + j. What is the hundreds digit of r?
1
What is the units digit of (7/((-14)/4))/(-6 - (-370208)/61704)?
3
Let k(s) = -484*s + 192. What is the tens digit of k(-19)?
8
Let c(w) = 547*w - 684. What is the thousands digit of c(37)?
9
Let g = -1820 - -5744. What is the units digit of (g/(-15))/((-40)/100)?
4
Let f(w) = -30*w**2 - 11*w + 4. Let x(v) = -32*v**2 - 14*v + 5. Let r(y) = -5*f(y) + 4*x(y). Let g be (-2)/(-3) - (-40)/(-15). What is the tens digit of r(g)?
9
Let d(n) = -1295*n + 12. Let c(p) = -6474*p + 62. Let s(l) = 3*c(l) - 16*d(l). What is the thousands digit of s(1)?
1
Suppose -4*d + 4*v = -20, v - 11 = -5*d + 2. Let i(w) = 3*w - 9. Let u be i(d). Suppose 0 = -u*y - 8*y + 752. What is the tens digit of y?
9
Suppose 0 = -4*z - 103 + 115. Suppose z*b = 31 - 364. Let j = 153 - b. What is the tens digit of j?
6
Suppose 39495 = 5*r + 2*w, 4*w = 4*r - 19554 - 12014. What is the tens digit of r?
9
Let z = -5375 - -25342. What is the ten thousands digit of z?
1
Let v be 165/(-15)*(1 - 201 - -1). Suppose 4*p + j = v, j + 1097 = 2*p + 2*j. What is the tens digit of p?
4
Let h be 11/(11/(-3)) + 164. Let j = 76 - 184. Let x = j + h. What is the units digit of x?
3
Let j(o) = -6*o**2 + 20 - 3 - 5*o**2 + 2*o**2 + 37*o**2. What is the units digit of j(6)?
5
Suppose -g - 5*z + 34 = 0, -2*g - 5*z + 40 = -13. Suppose g*h = 22*h + 384. Let b = 292 + h. What is the units digit of b?
4
Let x = 3152 + 5276. What is the hundreds digit of x?
4
Suppose 3*b - 2*i - 15279 = 40870, b - 5*i - 18712 = 0. What is the units digit of b?
7
Let d(s) = 9*s**3 + 2*s**2 + s + 4. Let m be d(4). Suppose 4*b - 62 = -5*p + 1492, 2*p - m = -3*b. What is the hundreds digit of p?
3
Let i = -14178 - -21086. What is the units digit of i?
8
Suppose -5*l = -0*l - 100. Let x = l + 29. Suppose -15 = 3*c, -x - 646 = -5*n - 5*c. What is the tens digit of n?
4
Suppose -8*s - 100 = -3*s. Let z = s + 25. Let m = z + 38. What is the tens digit of m?
4
Suppose 6*z - 127367 = 116612 - 40723. What is the tens digit of z?
7
Let f(l) = -137*l - 82. Suppose -11*d + 12*d - 20 = 5*h, 3*d = 3*h. What is the units digit of f(d)?
3
Let l be (3 - 2)*1/(-4 + 5). Let q be (320/4 + 0)*(2 - l). Let c = 123 + q. What is the hundreds digit of c?
2
Suppose -2*u + 20 = 5*i, 4*u - 11 - 3 = 3*i. Suppose 3*d + 4*m - m - 717 = 0, 0 = u*d + 3*m - 1203. What is the units digit of d?
3
Let k = 3141 + 19110. What is the hundreds digit of k?
2
Suppose -48477 = -3*t - 119*b + 114*b, -2*b + 16158 = t. What is the units digit of t?
4
Let c(i) = -i**3 + 39*i**2 - 22*i + 57. Suppose 3*q - 3*r - 99 = 0, -2*r - 1 + 11 = 0. What is the units digit of c(q)?
5
Suppose 13 - 3 = 5*y + q, 4*q + 26 = 2*y. Let i(u) = 5*u**3 - 2*u**2 - 8. Let l be i(y). Let v = l - 49. What is the units digit of v?
0
Let i(s) = -6*s + 21. Let u be i(4). Let r be 0 - u - 5 - 70/(-2). Suppose 3*q = 3*m - 30, -9 = 3*m - q - r. What is the units digit of m?
7
Let v = -132 + 125. Let y be (0 - 1)/(v/(-483)) - -1. Let l = y + 233. What is the units digit of l?
5
Let w(j) = 3*j**3 + 3*j**2 - 9*j + 5. Let i be w(7). Let l = i - 1570. Let k = l + 665. What is the hundreds digit of k?
2
Let d(l) = 9*l**2 + 750*l + 276. What is the thousands digit of d(-86)?
2
Suppose -30*v - 11*v = 62*v - 1402448. What is the hundreds digit of v?
6
Suppose 0 = 5*d + 5*p - 65, 0 = -56*d + 61*d - 3*p - 81. Suppose -d*c + 2*c + 3601 = 0. What is the tens digit of c?
7
Let v be (-13520)/16*((-3)/(-1))/(-3). Suppose v = 4*o - 4*i - 123, -3*i + 720 = 3*o. What is the units digit of o?
1
Let a(y) = -119*y + 277. What is the thousands digit of a(-54)?
6
What is the tens digit of ((-3)/6)/(8 - 63010/7876)?
6
Let f = 8256 + -678. What is the hundreds digit of f?
5
Let h(k) = -2*k - 32 - k + 3*k - 6*k. Let x be h(-6). Suppose -248 = -4*j - x*i, -j + i - 3*i = -62. What is the tens digit of j?
6
Suppose 2*l = -u - 87, -u - 99 = 74*l - 70*l. Suppose -4*k + 1115 = 291. Let s = u + k. What is the hundreds digit of s?
1
Let b = 326 + -264. Suppose b = -4*p + 450. What is the tens digit of p?
9
What is the units digit of (-1935787)/(-63) - 7 - -8 - (-4)/18?
8
Suppose 2*p - 413400 = -24*p. What is the ten thousands digit of p?
1
What is the thousands digit of 11326 + (0 - 6 - (-8 - 2))?
1
Suppose -5*k - 2*k + 14 = 0. Let t(r) = -9*r**2 + 26*r**2 - 4*r - 3*r**2 - 11*r**2 - k. What is the units digit of t(-5)?
3
Suppose 5*c - 39 = -m, -6*m + 8*m + 2 = 0. Suppose 15*n = c*n + 35. Suppose -583 = -2*v - n*a, 6*v - 2*v - a - 1221 = 0. What is the tens digit of v?
0
Let q = 13668 - 4653. What is the units digit of q?
5
Suppose 6*z + 13197 = 8*z + f, z - 4*f - 6576 = 0. What is the units digit of z?
6
Let j(f) = -16*f + 690. What is the units digit of j(-57)?
2
Let y = 204 -